{"id":21,"date":"2018-01-15T10:44:31","date_gmt":"2018-01-15T09:44:31","guid":{"rendered":"https:\/\/fahrnerlogistics.com\/spedition\/?page_id=21"},"modified":"2018-03-27T14:45:28","modified_gmt":"2018-03-27T12:45:28","slug":"teil-und-komplettladungen","status":"publish","type":"page","link":"https:\/\/fahrnerlogistics.com\/spedition\/teil-und-komplettladungen\/","title":{"rendered":"Teil- und Komplettladungen"},"content":{"rendered":"<p><div class=\"fusion-fullwidth fullwidth-box fusion-builder-row-1 nonhundred-percent-fullwidth non-hundred-percent-height-scrolling\" style=\"--awb-border-radius-top-left:0px;--awb-border-radius-top-right:0px;--awb-border-radius-bottom-right:0px;--awb-border-radius-bottom-left:0px;--awb-flex-wrap:wrap;\" ><div class=\"fusion-builder-row fusion-row\"><div class=\"fusion-layout-column fusion_builder_column fusion-builder-column-0 fusion_builder_column_1_1 1_1 fusion-one-full fusion-column-first fusion-column-last\" style=\"--awb-bg-size:cover;\"><div class=\"fusion-column-wrapper fusion-flex-column-wrapper-legacy\"><div class=\"fusion-image-element in-legacy-container\" style=\"--awb-caption-title-font-family:var(--h2_typography-font-family);--awb-caption-title-font-weight:var(--h2_typography-font-weight);--awb-caption-title-font-style:var(--h2_typography-font-style);--awb-caption-title-size:var(--h2_typography-font-size);--awb-caption-title-transform:var(--h2_typography-text-transform);--awb-caption-title-line-height:var(--h2_typography-line-height);--awb-caption-title-letter-spacing:var(--h2_typography-letter-spacing);\"><span class=\" fusion-imageframe imageframe-none imageframe-1 hover-type-none\"><img decoding=\"async\" width=\"1170\" height=\"570\" title=\"spedition_teilundkomplettladungen_header\" src=\"https:\/\/fahrnerlogistics.com\/spedition\/wp-content\/uploads\/sites\/2\/2018\/01\/spedition_teilundkomplettladungen_header.jpg\" alt class=\"img-responsive wp-image-103\" srcset=\"https:\/\/fahrnerlogistics.com\/spedition\/wp-content\/uploads\/sites\/2\/2018\/01\/spedition_teilundkomplettladungen_header-200x97.jpg 200w, https:\/\/fahrnerlogistics.com\/spedition\/wp-content\/uploads\/sites\/2\/2018\/01\/spedition_teilundkomplettladungen_header-400x195.jpg 400w, https:\/\/fahrnerlogistics.com\/spedition\/wp-content\/uploads\/sites\/2\/2018\/01\/spedition_teilundkomplettladungen_header-600x292.jpg 600w, https:\/\/fahrnerlogistics.com\/spedition\/wp-content\/uploads\/sites\/2\/2018\/01\/spedition_teilundkomplettladungen_header-800x390.jpg 800w, https:\/\/fahrnerlogistics.com\/spedition\/wp-content\/uploads\/sites\/2\/2018\/01\/spedition_teilundkomplettladungen_header.jpg 1170w\" sizes=\"(max-width: 800px) 100vw, 1170px\" \/><\/span><\/div><div class=\"fusion-sep-clear\"><\/div><div class=\"fusion-separator fusion-full-width-sep\" style=\"margin-left: auto;margin-right: auto;margin-top:35px;margin-bottom:15px;width:100%;\"><div class=\"fusion-separator-border sep-single sep-solid\" style=\"--awb-height:20px;--awb-amount:20px;border-color:#e0dede;border-top-width:1px;\"><\/div><\/div><div class=\"fusion-sep-clear\"><\/div><div class=\"fusion-clearfix\"><\/div><\/div><\/div><\/div><\/div><div class=\"fusion-fullwidth fullwidth-box fusion-builder-row-2 nonhundred-percent-fullwidth non-hundred-percent-height-scrolling\" style=\"--awb-border-radius-top-left:0px;--awb-border-radius-top-right:0px;--awb-border-radius-bottom-right:0px;--awb-border-radius-bottom-left:0px;--awb-flex-wrap:wrap;\" ><div class=\"fusion-builder-row fusion-row\"><div class=\"fusion-layout-column fusion_builder_column fusion-builder-column-1 fusion_builder_column_1_3 1_3 fusion-one-third fusion-column-first\" style=\"--awb-bg-size:cover;width:33.333333333333%;width:calc(33.333333333333% - ( ( 4% ) * 0.33333333333333 ) );margin-right: 4%;\"><div class=\"fusion-column-wrapper fusion-flex-column-wrapper-legacy\"><div class=\"fusion-sep-clear\"><\/div><div class=\"fusion-separator fusion-clearfix\" style=\"float:left;width:100%;max-width:50px;\"><div class=\"fusion-separator-border sep-single sep-solid\" style=\"--awb-height:20px;--awb-amount:20px;--awb-sep-color:#49c0e9;border-color:#49c0e9;border-top-width:4px;\"><\/div><\/div><div class=\"fusion-sep-clear\"><\/div><div class=\"fusion-text fusion-text-1\"><h1>Wegweisend<br \/>\n<strong>ma\u00dfgeschneidert<\/strong><\/h1>\n<\/div><div class=\"fusion-clearfix\"><\/div><\/div><\/div><div class=\"fusion-layout-column fusion_builder_column fusion-builder-column-2 fusion_builder_column_2_3 2_3 fusion-two-third fusion-column-last\" style=\"--awb-bg-size:cover;width:66.666666666667%;width:calc(66.666666666667% - ( ( 4% ) * 0.66666666666667 ) );\"><div class=\"fusion-column-wrapper fusion-flex-column-wrapper-legacy\"><div class=\"fusion-text fusion-text-2\"><p>Ihr Auftrag bestimmt unsere L\u00f6sung. Nicht umgekehrt. Hoch flexibel, ressourcenschonend und schnell. Die G\u00fcter unserer Kunden transportieren wir je nach Anforderungen als Teil- und Komplettladungen. Die Basis f\u00fcr perfekte Transportabl\u00e4ufe bildet dabei die starke Pr\u00e4senz unseres Fahrner Netzwerks in Europa. Punktgenau unterst\u00fctzt durch langj\u00e4hrige Kooperationen mit leistungsstarken Partnerunternehmen. Mit Fahrner Spedition profitieren Sie von ma\u00dfgeschneiderten Transport- und Multiple-Choice-L\u00f6sungen. H\u00f6chste Flexibilit\u00e4t erm\u00f6glichen individualisierte Logistik-Module zusammen mit variablen Fahrzeugl\u00f6sungen. So sorgen wir f\u00fcr eine reaktionsschnelle und zuverl\u00e4ssige Anbindung an Ihre M\u00e4rkte. Leistungsstark und l\u00f6sungsorientiert.<\/p>\n<h2>Fahrner Speditionsleistungen Teil- und Komplettladungen:<\/h2>\n<ul>\n<li>Transportl\u00f6sungen, ma\u00dfgeschneidert und flexibel<\/li>\n<li>Logistikleistungen aus einer Hand<\/li>\n<li>Kundenbetreuung mit Ihrem pers\u00f6nlichen Ansprechpartner<\/li>\n<li>Europaweite Pr\u00e4senz im Fahrner- und Partner-Netzwerk<\/li>\n<li>Ganzheitliche Logistikl\u00f6sungen mit messbar hoher Qualit\u00e4t<\/li>\n<\/ul>\n<\/div><div class=\"fusion-clearfix\"><\/div><\/div><\/div><div class=\"fusion-layout-column fusion_builder_column fusion-builder-column-3 fusion_builder_column_1_1 1_1 fusion-one-full fusion-column-first fusion-column-last\" style=\"--awb-bg-size:cover;\"><div class=\"fusion-column-wrapper fusion-flex-column-wrapper-legacy\"><div class=\"fusion-sep-clear\"><\/div><div class=\"fusion-separator fusion-full-width-sep\" style=\"margin-left: auto;margin-right: auto;margin-bottom:15px;width:100%;\"><div class=\"fusion-separator-border sep-single sep-solid\" style=\"--awb-height:20px;--awb-amount:20px;border-color:#e0dede;border-top-width:1px;\"><\/div><\/div><div class=\"fusion-sep-clear\"><\/div><div class=\"fusion-clearfix\"><\/div><\/div><\/div>\n<div class=\"fusion-layout-column fusion_builder_column fusion-builder-column-4 fusion_builder_column_1_3 1_3 fusion-one-third fusion-column-first\" style=\"--awb-bg-size:cover;width:33.333333333333%;width:calc(33.333333333333% - ( ( 4% ) * 0.33333333333333 ) );margin-right: 4%;\"><div class=\"fusion-column-wrapper fusion-flex-column-wrapper-legacy\"><div class=\"fusion-sep-clear\"><\/div><div class=\"fusion-separator fusion-clearfix\" style=\"float:left;width:100%;max-width:50px;\"><div class=\"fusion-separator-border sep-single sep-solid\" style=\"--awb-height:20px;--awb-amount:20px;--awb-sep-color:#49c0e9;border-color:#49c0e9;border-top-width:4px;\"><\/div><\/div><div class=\"fusion-sep-clear\"><\/div><div class=\"fusion-text fusion-text-3\"><h1>Wir \u00fcberschreiten<br \/>\nf\u00fcr Sie <strong>Grenzen<\/strong><\/h1>\n<\/div><div class=\"fusion-clearfix\"><\/div><\/div><\/div><div class=\"fusion-layout-column fusion_builder_column fusion-builder-column-5 fusion_builder_column_2_3 2_3 fusion-two-third fusion-column-last\" style=\"--awb-bg-size:cover;width:66.666666666667%;width:calc(66.666666666667% - ( ( 4% ) * 0.66666666666667 ) );\"><div class=\"fusion-column-wrapper fusion-flex-column-wrapper-legacy\"><div class=\"fusion-text fusion-text-4\"><p>Fahrner Logistic Services helfen Ihnen Zollschranken im internationalen Warenverkehr m\u00f6glichst reibungslos zu \u00fcberwinden. Autonom oder in Kooperation mit Ihren Dienstleistern nutzen wir die \u00fcblichen Zolldienstleistungen und wickeln Zollformalit\u00e4ten in Import und Export z\u00fcgig ab. Bei Bedarf lagern wir Ihre Waren in einem separaten Zolllager ein.<\/p>\n<h2>Fahrner Logistikleistungen Zollabwicklung:<\/h2>\n<ul>\n<li>Handling von Zollformalit\u00e4ten f\u00fcr Import und Export<\/li>\n<li>Optimierung Ihres internationalen Warenverkehrs<\/li>\n<li>Kooperation mit Kunden-Dienstleistern<\/li>\n<li>Bedarfsorientierte Einlagerung von Waren<\/li>\n<\/ul>\n<\/div><div class=\"fusion-clearfix\"><\/div><\/div><\/div><\/div><\/div><\/p>\n","protected":false},"excerpt":{"rendered":"","protected":false},"author":1,"featured_media":0,"parent":0,"menu_order":0,"comment_status":"closed","ping_status":"closed","template":"","meta":{"footnotes":"","_links_to":"","_links_to_target":""},"aioseo_notices":[],"_links":{"self":[{"href":"https:\/\/fahrnerlogistics.com\/spedition\/wp-json\/wp\/v2\/pages\/21"}],"collection":[{"href":"https:\/\/fahrnerlogistics.com\/spedition\/wp-json\/wp\/v2\/pages"}],"about":[{"href":"https:\/\/fahrnerlogistics.com\/spedition\/wp-json\/wp\/v2\/types\/page"}],"author":[{"embeddable":true,"href":"https:\/\/fahrnerlogistics.com\/spedition\/wp-json\/wp\/v2\/users\/1"}],"replies":[{"embeddable":true,"href":"https:\/\/fahrnerlogistics.com\/spedition\/wp-json\/wp\/v2\/comments?post=21"}],"version-history":[{"count":10,"href":"https:\/\/fahrnerlogistics.com\/spedition\/wp-json\/wp\/v2\/pages\/21\/revisions"}],"predecessor-version":[{"id":174,"href":"https:\/\/fahrnerlogistics.com\/spedition\/wp-json\/wp\/v2\/pages\/21\/revisions\/174"}],"wp:attachment":[{"href":"https:\/\/fahrnerlogistics.com\/spedition\/wp-json\/wp\/v2\/media?parent=21"}],"curies":[{"name":"wp","href":"https:\/\/api.w.org\/{rel}","templated":true}]}}

<p><div class="fusion-fullwidth fullwidth-box fusion-builder-row-1 nonhundred-percent-fullwidth non-hundred-percent-height-scrolling" style="--awb-border-radius-top-left:0px;--awb-border-radius-top-right:0px;--awb-border-radius-bottom-right:0px;--awb-border-radius-bottom-left:0px;--awb-flex-wrap:wrap;" ><div class="fusion-builder-row fusion-row"><div class="fusion-layout-column fusion_builder_column fusion-builder-column-0 fusion_builder_column_1_1 1_1 fusion-one-full fusion-column-first fusion-column-last" style="--awb-bg-size:cover;"><div class="fusion-column-wrapper fusion-flex-column-wrapper-legacy"><div class="fusion-image-element in-legacy-container" style="--awb-caption-title-font-family:var(--h2_typography-font-family);--awb-caption-title-font-weight:var(--h2_typography-font-weight);--awb-caption-title-font-style:var(--h2_typography-font-style);--awb-caption-title-size:var(--h2_typography-font-size);--awb-caption-title-transform:var(--h2_typography-text-transform);--awb-caption-title-line-height:var(--h2_typography-line-height);--awb-caption-title-letter-spacing:var(--h2_typography-letter-spacing);"><span class=" fusion-imageframe imageframe-none imageframe-1 hover-type-none"><img decoding="async" width="1170" height="570" title="spedition_teilundkomplettladungen_header" src="https://fahrnerlogistics.com/spedition/wp-content/uploads/sites/2/2018/01/spedition_teilundkomplettladungen_header.jpg" alt class="img-responsive wp-image-103" srcset="https://fahrnerlogistics.com/spedition/wp-content/uploads/sites/2/2018/01/spedition_teilundkomplettladungen_header-200x97.jpg 200w, https://fahrnerlogistics.com/spedition/wp-content/uploads/sites/2/2018/01/spedition_teilundkomplettladungen_header-400x195.jpg 400w, https://fahrnerlogistics.com/spedition/wp-content/uploads/sites/2/2018/01/spedition_teilundkomplettladungen_header-600x292.jpg 600w, https://fahrnerlogistics.com/spedition/wp-content/uploads/sites/2/2018/01/spedition_teilundkomplettladungen_header-800x390.jpg 800w, https://fahrnerlogistics.com/spedition/wp-content/uploads/sites/2/2018/01/spedition_teilundkomplettladungen_header.jpg 1170w" sizes="(max-width: 800px) 100vw, 1170px" /></span></div><div class="fusion-sep-clear"></div><div class="fusion-separator fusion-full-width-sep" style="margin-left: auto;margin-right: auto;margin-top:35px;margin-bottom:15px;width:100%;"><div class="fusion-separator-border sep-single sep-solid" style="--awb-height:20px;--awb-amount:20px;border-color:#e0dede;border-top-width:1px;"></div></div><div class="fusion-sep-clear"></div><div class="fusion-clearfix"></div></div></div></div></div><div class="fusion-fullwidth fullwidth-box fusion-builder-row-2 nonhundred-percent-fullwidth non-hundred-percent-height-scrolling" style="--awb-border-radius-top-left:0px;--awb-border-radius-top-right:0px;--awb-border-radius-bottom-right:0px;--awb-border-radius-bottom-left:0px;--awb-flex-wrap:wrap;" ><div class="fusion-builder-row fusion-row"><div class="fusion-layout-column fusion_builder_column fusion-builder-column-1 fusion_builder_column_1_3 1_3 fusion-one-third fusion-column-first" style="--awb-bg-size:cover;width:33.333333333333%;width:calc(33.333333333333% - ( ( 4% ) * 0.33333333333333 ) );margin-right: 4%;"><div class="fusion-column-wrapper fusion-flex-column-wrapper-legacy"><div class="fusion-sep-clear"></div><div class="fusion-separator fusion-clearfix" style="float:left;width:100%;max-width:50px;"><div class="fusion-separator-border sep-single sep-solid" style="--awb-height:20px;--awb-amount:20px;--awb-sep-color:#49c0e9;border-color:#49c0e9;border-top-width:4px;"></div></div><div class="fusion-sep-clear"></div><div class="fusion-text fusion-text-1"><h1>Wegweisend<br />
<strong>maßgeschneidert</strong></h1>
</div><div class="fusion-clearfix"></div></div></div><div class="fusion-layout-column fusion_builder_column fusion-builder-column-2 fusion_builder_column_2_3 2_3 fusion-two-third fusion-column-last" style="--awb-bg-size:cover;width:66.666666666667%;width:calc(66.666666666667% - ( ( 4% ) * 0.66666666666667 ) );"><div class="fusion-column-wrapper fusion-flex-column-wrapper-legacy"><div class="fusion-text fusion-text-2"><p>Ihr Auftrag bestimmt unsere Lösung. Nicht umgekehrt. Hoch flexibel, ressourcenschonend und schnell. Die Güter unserer Kunden transportieren wir je nach Anforderungen als Teil- und Komplettladungen. Die Basis für perfekte Transportabläufe bildet dabei die starke Präsenz unseres Fahrner Netzwerks in Europa. Punktgenau unterstützt durch langjährige Kooperationen mit leistungsstarken Partnerunternehmen. Mit Fahrner Spedition profitieren Sie von maßgeschneiderten Transport- und Multiple-Choice-Lösungen. Höchste Flexibilität ermöglichen individualisierte Logistik-Module zusammen mit variablen Fahrzeuglösungen. So sorgen wir für eine reaktionsschnelle und zuverlässige Anbindung an Ihre Märkte. Leistungsstark und lösungsorientiert.</p>
<h2>Fahrner Speditionsleistungen Teil- und Komplettladungen:</h2>
<ul>
<li>Transportlösungen, maßgeschneidert und flexibel</li>
<li>Logistikleistungen aus einer Hand</li>
<li>Kundenbetreuung mit Ihrem persönlichen Ansprechpartner</li>
<li>Europaweite Präsenz im Fahrner- und Partner-Netzwerk</li>
<li>Ganzheitliche Logistiklösungen mit messbar hoher Qualität</li>
</ul>
</div><div class="fusion-clearfix"></div></div></div><div class="fusion-layout-column fusion_builder_column fusion-builder-column-3 fusion_builder_column_1_1 1_1 fusion-one-full fusion-column-first fusion-column-last" style="--awb-bg-size:cover;"><div class="fusion-column-wrapper fusion-flex-column-wrapper-legacy"><div class="fusion-sep-clear"></div><div class="fusion-separator fusion-full-width-sep" style="margin-left: auto;margin-right: auto;margin-bottom:15px;width:100%;"><div class="fusion-separator-border sep-single sep-solid" style="--awb-height:20px;--awb-amount:20px;border-color:#e0dede;border-top-width:1px;"></div></div><div class="fusion-sep-clear"></div><div class="fusion-clearfix"></div></div></div>
<div class="fusion-layout-column fusion_builder_column fusion-builder-column-4 fusion_builder_column_1_3 1_3 fusion-one-third fusion-column-first" style="--awb-bg-size:cover;width:33.333333333333%;width:calc(33.333333333333% - ( ( 4% ) * 0.33333333333333 ) );margin-right: 4%;"><div class="fusion-column-wrapper fusion-flex-column-wrapper-legacy"><div class="fusion-sep-clear"></div><div class="fusion-separator fusion-clearfix" style="float:left;width:100%;max-width:50px;"><div class="fusion-separator-border sep-single sep-solid" style="--awb-height:20px;--awb-amount:20px;--awb-sep-color:#49c0e9;border-color:#49c0e9;border-top-width:4px;"></div></div><div class="fusion-sep-clear"></div><div class="fusion-text fusion-text-3"><h1>Wir überschreiten<br />
für Sie <strong>Grenzen</strong></h1>
</div><div class="fusion-clearfix"></div></div></div><div class="fusion-layout-column fusion_builder_column fusion-builder-column-5 fusion_builder_column_2_3 2_3 fusion-two-third fusion-column-last" style="--awb-bg-size:cover;width:66.666666666667%;width:calc(66.666666666667% - ( ( 4% ) * 0.66666666666667 ) );"><div class="fusion-column-wrapper fusion-flex-column-wrapper-legacy"><div class="fusion-text fusion-text-4"><p>Fahrner Logistic Services helfen Ihnen Zollschranken im internationalen Warenverkehr möglichst reibungslos zu überwinden. Autonom oder in Kooperation mit Ihren Dienstleistern nutzen wir die üblichen Zolldienstleistungen und wickeln Zollformalitäten in Import und Export zügig ab. Bei Bedarf lagern wir Ihre Waren in einem separaten Zolllager ein.</p>
<h2>Fahrner Logistikleistungen Zollabwicklung:</h2>
<ul>
<li>Handling von Zollformalitäten für Import und Export</li>
<li>Optimierung Ihres internationalen Warenverkehrs</li>
<li>Kooperation mit Kunden-Dienstleistern</li>
<li>Bedarfsorientierte Einlagerung von Waren</li>
</ul>
</div><div class="fusion-clearfix"></div></div></div></div></div></p>
