{"id":56,"date":"2018-01-15T14:10:21","date_gmt":"2018-01-15T13:10:21","guid":{"rendered":"https:\/\/fahrnerlogistics.com\/spedition\/?page_id=56"},"modified":"2018-03-27T14:47:09","modified_gmt":"2018-03-27T12:47:09","slug":"umwelt-und-fuhrpark","status":"publish","type":"page","link":"https:\/\/fahrnerlogistics.com\/spedition\/umwelt-und-fuhrpark\/","title":{"rendered":"Umwelt und Fuhrpark"},"content":{"rendered":"<p><div class=\"fusion-fullwidth fullwidth-box fusion-builder-row-1 nonhundred-percent-fullwidth non-hundred-percent-height-scrolling\" style=\"--awb-border-radius-top-left:0px;--awb-border-radius-top-right:0px;--awb-border-radius-bottom-right:0px;--awb-border-radius-bottom-left:0px;--awb-flex-wrap:wrap;\" ><div class=\"fusion-builder-row fusion-row\"><div class=\"fusion-layout-column fusion_builder_column fusion-builder-column-0 fusion_builder_column_1_1 1_1 fusion-one-full fusion-column-first fusion-column-last\" style=\"--awb-bg-size:cover;\"><div class=\"fusion-column-wrapper fusion-flex-column-wrapper-legacy\"><div class=\"fusion-image-element in-legacy-container\" style=\"--awb-caption-title-font-family:var(--h2_typography-font-family);--awb-caption-title-font-weight:var(--h2_typography-font-weight);--awb-caption-title-font-style:var(--h2_typography-font-style);--awb-caption-title-size:var(--h2_typography-font-size);--awb-caption-title-transform:var(--h2_typography-text-transform);--awb-caption-title-line-height:var(--h2_typography-line-height);--awb-caption-title-letter-spacing:var(--h2_typography-letter-spacing);\"><span class=\" fusion-imageframe imageframe-none imageframe-1 hover-type-none\"><img decoding=\"async\" width=\"1170\" height=\"570\" title=\"spedition_umwelt_header\" src=\"https:\/\/fahrnerlogistics.com\/spedition\/wp-content\/uploads\/sites\/2\/2018\/01\/spedition_umwelt_header.jpg\" alt class=\"img-responsive wp-image-57\" srcset=\"https:\/\/fahrnerlogistics.com\/spedition\/wp-content\/uploads\/sites\/2\/2018\/01\/spedition_umwelt_header-200x97.jpg 200w, https:\/\/fahrnerlogistics.com\/spedition\/wp-content\/uploads\/sites\/2\/2018\/01\/spedition_umwelt_header-400x195.jpg 400w, https:\/\/fahrnerlogistics.com\/spedition\/wp-content\/uploads\/sites\/2\/2018\/01\/spedition_umwelt_header-600x292.jpg 600w, https:\/\/fahrnerlogistics.com\/spedition\/wp-content\/uploads\/sites\/2\/2018\/01\/spedition_umwelt_header-800x390.jpg 800w, https:\/\/fahrnerlogistics.com\/spedition\/wp-content\/uploads\/sites\/2\/2018\/01\/spedition_umwelt_header.jpg 1170w\" sizes=\"(max-width: 800px) 100vw, 1170px\" \/><\/span><\/div><div class=\"fusion-sep-clear\"><\/div><div class=\"fusion-separator fusion-full-width-sep\" style=\"margin-left: auto;margin-right: auto;margin-top:35px;margin-bottom:15px;width:100%;\"><div class=\"fusion-separator-border sep-single sep-solid\" style=\"--awb-height:20px;--awb-amount:20px;border-color:#e0dede;border-top-width:1px;\"><\/div><\/div><div class=\"fusion-sep-clear\"><\/div><div class=\"fusion-clearfix\"><\/div><\/div><\/div><\/div><\/div><div class=\"fusion-fullwidth fullwidth-box fusion-builder-row-2 nonhundred-percent-fullwidth non-hundred-percent-height-scrolling\" style=\"--awb-border-radius-top-left:0px;--awb-border-radius-top-right:0px;--awb-border-radius-bottom-right:0px;--awb-border-radius-bottom-left:0px;--awb-flex-wrap:wrap;\" ><div class=\"fusion-builder-row fusion-row\"><div class=\"fusion-layout-column fusion_builder_column fusion-builder-column-1 fusion_builder_column_1_3 1_3 fusion-one-third fusion-column-first\" style=\"--awb-bg-size:cover;width:33.333333333333%;width:calc(33.333333333333% - ( ( 4% ) * 0.33333333333333 ) );margin-right: 4%;\"><div class=\"fusion-column-wrapper fusion-flex-column-wrapper-legacy\"><div class=\"fusion-sep-clear\"><\/div><div class=\"fusion-separator fusion-clearfix\" style=\"float:left;width:100%;max-width:50px;\"><div class=\"fusion-separator-border sep-single sep-solid\" style=\"--awb-height:20px;--awb-amount:20px;--awb-sep-color:#49c0e9;border-color:#49c0e9;border-top-width:4px;\"><\/div><\/div><div class=\"fusion-sep-clear\"><\/div><div class=\"fusion-text fusion-text-1\"><h1><strong>Klimaneutrale<\/strong><br \/>\nDienstleistungen<\/h1>\n<\/div><div class=\"fusion-clearfix\"><\/div><\/div><\/div><div class=\"fusion-layout-column fusion_builder_column fusion-builder-column-2 fusion_builder_column_2_3 2_3 fusion-two-third fusion-column-last\" style=\"--awb-bg-size:cover;width:66.666666666667%;width:calc(66.666666666667% - ( ( 4% ) * 0.66666666666667 ) );\"><div class=\"fusion-column-wrapper fusion-flex-column-wrapper-legacy\"><div class=\"fusion-text fusion-text-2\"><p>Das Umweltbewusstsein ist auch bei vielen unserer Kunden zu einem beherrschenden Thema und damit zu einem wichtigen Entscheidungskriterium f\u00fcr die zuk\u00fcnftige Auftragsvergabe geworden.<\/p>\n<p>Unser Ziel ist es, den CO2-Aussto\u00df auf ein Minimum zu reduzieren und den Herstellern die M\u00f6glichkeit zu geben, die CO2-Emissionen der gesamten Wertsch\u00f6pfungskette &#8211; einschlie\u00dflich des Transports und der Logistik &#8211; anzugeben. Daher setzen wir uns im Rahmen des Konzeptes eco logistics schon jetzt mit zahlreichen Themen rund um das Umweltmanagement auseinander.<\/p>\n<ul class=\"text_liste\">\n<li>Technische Optimierung und Umr\u00fcstung des Fuhrparks<\/li>\n<li>Erstellen einer j\u00e4hrlichen Klimabilanz<\/li>\n<li>Kompetenzf\u00f6rderung der Fahrer, Lieferanten und Sub-Unternehmer<\/li>\n<li>Verlagerung von Transporten bzw. kombinierter Verkehr<\/li>\n<li>Kauf von Emissionszertifikaten und F\u00f6rderung von Umweltprojekten<\/li>\n<\/ul>\n<p class=\"bottom\">Fahrner Logistics stellt die Weichen f\u00fcr eine energieeffiziente Logistik bereits heute. Umweltschutz wird als Erfolgsfaktor betrachtet und m\u00fcndet in das Angebot energieoptimierter Transporte und klimaneutraler Leistungen.<\/p>\n<\/div><div class=\"fusion-clearfix\"><\/div><\/div><\/div><div class=\"fusion-layout-column fusion_builder_column fusion-builder-column-3 fusion_builder_column_1_1 1_1 fusion-one-full fusion-column-first fusion-column-last\" style=\"--awb-bg-size:cover;\"><div class=\"fusion-column-wrapper fusion-flex-column-wrapper-legacy\"><div class=\"fusion-sep-clear\"><\/div><div class=\"fusion-separator fusion-full-width-sep\" style=\"margin-left: auto;margin-right: auto;margin-bottom:15px;width:100%;\"><div class=\"fusion-separator-border sep-single sep-solid\" style=\"--awb-height:20px;--awb-amount:20px;border-color:#e0dede;border-top-width:1px;\"><\/div><\/div><div class=\"fusion-sep-clear\"><\/div><div class=\"fusion-clearfix\"><\/div><\/div><\/div>\n<div class=\"fusion-layout-column fusion_builder_column fusion-builder-column-4 fusion_builder_column_1_3 1_3 fusion-one-third fusion-column-first\" style=\"--awb-bg-size:cover;width:33.333333333333%;width:calc(33.333333333333% - ( ( 4% ) * 0.33333333333333 ) );margin-right: 4%;\"><div class=\"fusion-column-wrapper fusion-flex-column-wrapper-legacy\"><div class=\"fusion-sep-clear\"><\/div><div class=\"fusion-separator fusion-clearfix\" style=\"float:left;width:100%;max-width:50px;\"><div class=\"fusion-separator-border sep-single sep-solid\" style=\"--awb-height:20px;--awb-amount:20px;--awb-sep-color:#49c0e9;border-color:#49c0e9;border-top-width:4px;\"><\/div><\/div><div class=\"fusion-sep-clear\"><\/div><div class=\"fusion-text fusion-text-3\"><h1><strong>Prima f\u00fcrs Klima<\/strong><br \/>\nund Ihr Unternehmen<\/h1>\n<\/div><div class=\"fusion-clearfix\"><\/div><\/div><\/div><div class=\"fusion-layout-column fusion_builder_column fusion-builder-column-5 fusion_builder_column_2_3 2_3 fusion-two-third fusion-column-last\" style=\"--awb-bg-size:cover;width:66.666666666667%;width:calc(66.666666666667% - ( ( 4% ) * 0.66666666666667 ) );\"><div class=\"fusion-column-wrapper fusion-flex-column-wrapper-legacy\"><div class=\"fusion-text fusion-text-4\"><p>Nachhaltigkeit spielt f\u00fcr uns von Fahrner eine herausragende Rolle. Als Ihr Partner f\u00fcr zukunftsf\u00e4hige Transport- und Logistikl\u00f6sungen tragen wir mit einer \u00f6kologisch ausgewogenen Dienstleistung zu Ihrem positiven Markenbild bei. Damit liefern wir Ihnen auch einen wertvollen Pluspunkt in Ausschreibungsverfahren. Zur messbaren Verkleinerung des CO2-Footprints besch\u00e4ftigen wir uns im Rahmen des Konzepts eco logistics mit einer Vielzahl von Themen aus dem Bereich des Umweltmanagements. So f\u00e4hrt etwa unsere gesamte LKW-Flotte mit Euro 6. Intelligente Tourenplanungssoftware sorgt f\u00fcr die k\u00fcrzest m\u00f6glichen zu fahrenden Strecken. Ma\u00dfgeschneiderte Ladesysteme nutzen Ladekapazit\u00e4ten optimal aus und reduzieren gefahrene Kilometer. Mit eco logistics von Fahrner baut auch Ihr Erfolg auf klimaneutrale Dienstleistungen.<\/p>\n<h2>Fahrner Speditionsleistungen eco logistics:<\/h2>\n<ul>\n<li>Fuhrpark auf umwelttechnisch h\u00f6chstem Niveau<\/li>\n<li>Transparenz durch j\u00e4hrliche Klimabilanz<\/li>\n<li>Umweltkompetenz auf ganzer Linie durch regelm\u00e4\u00dfige Schulungen<\/li>\n<li>Optimale Tourenplanung und kombinierter Verkehr<\/li>\n<li>Bei Bedarf Kauf von Emissionszertifikaten<\/li>\n<\/ul>\n<\/div><div class=\"fusion-clearfix\"><\/div><\/div><\/div><\/div><\/div><\/p>\n","protected":false},"excerpt":{"rendered":"","protected":false},"author":1,"featured_media":0,"parent":0,"menu_order":0,"comment_status":"closed","ping_status":"closed","template":"","meta":{"footnotes":"","_links_to":"","_links_to_target":""},"aioseo_notices":[],"_links":{"self":[{"href":"https:\/\/fahrnerlogistics.com\/spedition\/wp-json\/wp\/v2\/pages\/56"}],"collection":[{"href":"https:\/\/fahrnerlogistics.com\/spedition\/wp-json\/wp\/v2\/pages"}],"about":[{"href":"https:\/\/fahrnerlogistics.com\/spedition\/wp-json\/wp\/v2\/types\/page"}],"author":[{"embeddable":true,"href":"https:\/\/fahrnerlogistics.com\/spedition\/wp-json\/wp\/v2\/users\/1"}],"replies":[{"embeddable":true,"href":"https:\/\/fahrnerlogistics.com\/spedition\/wp-json\/wp\/v2\/comments?post=56"}],"version-history":[{"count":5,"href":"https:\/\/fahrnerlogistics.com\/spedition\/wp-json\/wp\/v2\/pages\/56\/revisions"}],"predecessor-version":[{"id":179,"href":"https:\/\/fahrnerlogistics.com\/spedition\/wp-json\/wp\/v2\/pages\/56\/revisions\/179"}],"wp:attachment":[{"href":"https:\/\/fahrnerlogistics.com\/spedition\/wp-json\/wp\/v2\/media?parent=56"}],"curies":[{"name":"wp","href":"https:\/\/api.w.org\/{rel}","templated":true}]}}

<p><div class="fusion-fullwidth fullwidth-box fusion-builder-row-1 nonhundred-percent-fullwidth non-hundred-percent-height-scrolling" style="--awb-border-radius-top-left:0px;--awb-border-radius-top-right:0px;--awb-border-radius-bottom-right:0px;--awb-border-radius-bottom-left:0px;--awb-flex-wrap:wrap;" ><div class="fusion-builder-row fusion-row"><div class="fusion-layout-column fusion_builder_column fusion-builder-column-0 fusion_builder_column_1_1 1_1 fusion-one-full fusion-column-first fusion-column-last" style="--awb-bg-size:cover;"><div class="fusion-column-wrapper fusion-flex-column-wrapper-legacy"><div class="fusion-image-element in-legacy-container" style="--awb-caption-title-font-family:var(--h2_typography-font-family);--awb-caption-title-font-weight:var(--h2_typography-font-weight);--awb-caption-title-font-style:var(--h2_typography-font-style);--awb-caption-title-size:var(--h2_typography-font-size);--awb-caption-title-transform:var(--h2_typography-text-transform);--awb-caption-title-line-height:var(--h2_typography-line-height);--awb-caption-title-letter-spacing:var(--h2_typography-letter-spacing);"><span class=" fusion-imageframe imageframe-none imageframe-1 hover-type-none"><img decoding="async" width="1170" height="570" title="spedition_umwelt_header" src="https://fahrnerlogistics.com/spedition/wp-content/uploads/sites/2/2018/01/spedition_umwelt_header.jpg" alt class="img-responsive wp-image-57" srcset="https://fahrnerlogistics.com/spedition/wp-content/uploads/sites/2/2018/01/spedition_umwelt_header-200x97.jpg 200w, https://fahrnerlogistics.com/spedition/wp-content/uploads/sites/2/2018/01/spedition_umwelt_header-400x195.jpg 400w, https://fahrnerlogistics.com/spedition/wp-content/uploads/sites/2/2018/01/spedition_umwelt_header-600x292.jpg 600w, https://fahrnerlogistics.com/spedition/wp-content/uploads/sites/2/2018/01/spedition_umwelt_header-800x390.jpg 800w, https://fahrnerlogistics.com/spedition/wp-content/uploads/sites/2/2018/01/spedition_umwelt_header.jpg 1170w" sizes="(max-width: 800px) 100vw, 1170px" /></span></div><div class="fusion-sep-clear"></div><div class="fusion-separator fusion-full-width-sep" style="margin-left: auto;margin-right: auto;margin-top:35px;margin-bottom:15px;width:100%;"><div class="fusion-separator-border sep-single sep-solid" style="--awb-height:20px;--awb-amount:20px;border-color:#e0dede;border-top-width:1px;"></div></div><div class="fusion-sep-clear"></div><div class="fusion-clearfix"></div></div></div></div></div><div class="fusion-fullwidth fullwidth-box fusion-builder-row-2 nonhundred-percent-fullwidth non-hundred-percent-height-scrolling" style="--awb-border-radius-top-left:0px;--awb-border-radius-top-right:0px;--awb-border-radius-bottom-right:0px;--awb-border-radius-bottom-left:0px;--awb-flex-wrap:wrap;" ><div class="fusion-builder-row fusion-row"><div class="fusion-layout-column fusion_builder_column fusion-builder-column-1 fusion_builder_column_1_3 1_3 fusion-one-third fusion-column-first" style="--awb-bg-size:cover;width:33.333333333333%;width:calc(33.333333333333% - ( ( 4% ) * 0.33333333333333 ) );margin-right: 4%;"><div class="fusion-column-wrapper fusion-flex-column-wrapper-legacy"><div class="fusion-sep-clear"></div><div class="fusion-separator fusion-clearfix" style="float:left;width:100%;max-width:50px;"><div class="fusion-separator-border sep-single sep-solid" style="--awb-height:20px;--awb-amount:20px;--awb-sep-color:#49c0e9;border-color:#49c0e9;border-top-width:4px;"></div></div><div class="fusion-sep-clear"></div><div class="fusion-text fusion-text-1"><h1><strong>Klimaneutrale</strong><br />
Dienstleistungen</h1>
</div><div class="fusion-clearfix"></div></div></div><div class="fusion-layout-column fusion_builder_column fusion-builder-column-2 fusion_builder_column_2_3 2_3 fusion-two-third fusion-column-last" style="--awb-bg-size:cover;width:66.666666666667%;width:calc(66.666666666667% - ( ( 4% ) * 0.66666666666667 ) );"><div class="fusion-column-wrapper fusion-flex-column-wrapper-legacy"><div class="fusion-text fusion-text-2"><p>Das Umweltbewusstsein ist auch bei vielen unserer Kunden zu einem beherrschenden Thema und damit zu einem wichtigen Entscheidungskriterium für die zukünftige Auftragsvergabe geworden.</p>
<p>Unser Ziel ist es, den CO2-Ausstoß auf ein Minimum zu reduzieren und den Herstellern die Möglichkeit zu geben, die CO2-Emissionen der gesamten Wertschöpfungskette &#8211; einschließlich des Transports und der Logistik &#8211; anzugeben. Daher setzen wir uns im Rahmen des Konzeptes eco logistics schon jetzt mit zahlreichen Themen rund um das Umweltmanagement auseinander.</p>
<ul class="text_liste">
<li>Technische Optimierung und Umrüstung des Fuhrparks</li>
<li>Erstellen einer jährlichen Klimabilanz</li>
<li>Kompetenzförderung der Fahrer, Lieferanten und Sub-Unternehmer</li>
<li>Verlagerung von Transporten bzw. kombinierter Verkehr</li>
<li>Kauf von Emissionszertifikaten und Förderung von Umweltprojekten</li>
</ul>
<p class="bottom">Fahrner Logistics stellt die Weichen für eine energieeffiziente Logistik bereits heute. Umweltschutz wird als Erfolgsfaktor betrachtet und mündet in das Angebot energieoptimierter Transporte und klimaneutraler Leistungen.</p>
</div><div class="fusion-clearfix"></div></div></div><div class="fusion-layout-column fusion_builder_column fusion-builder-column-3 fusion_builder_column_1_1 1_1 fusion-one-full fusion-column-first fusion-column-last" style="--awb-bg-size:cover;"><div class="fusion-column-wrapper fusion-flex-column-wrapper-legacy"><div class="fusion-sep-clear"></div><div class="fusion-separator fusion-full-width-sep" style="margin-left: auto;margin-right: auto;margin-bottom:15px;width:100%;"><div class="fusion-separator-border sep-single sep-solid" style="--awb-height:20px;--awb-amount:20px;border-color:#e0dede;border-top-width:1px;"></div></div><div class="fusion-sep-clear"></div><div class="fusion-clearfix"></div></div></div>
<div class="fusion-layout-column fusion_builder_column fusion-builder-column-4 fusion_builder_column_1_3 1_3 fusion-one-third fusion-column-first" style="--awb-bg-size:cover;width:33.333333333333%;width:calc(33.333333333333% - ( ( 4% ) * 0.33333333333333 ) );margin-right: 4%;"><div class="fusion-column-wrapper fusion-flex-column-wrapper-legacy"><div class="fusion-sep-clear"></div><div class="fusion-separator fusion-clearfix" style="float:left;width:100%;max-width:50px;"><div class="fusion-separator-border sep-single sep-solid" style="--awb-height:20px;--awb-amount:20px;--awb-sep-color:#49c0e9;border-color:#49c0e9;border-top-width:4px;"></div></div><div class="fusion-sep-clear"></div><div class="fusion-text fusion-text-3"><h1><strong>Prima fürs Klima</strong><br />
und Ihr Unternehmen</h1>
</div><div class="fusion-clearfix"></div></div></div><div class="fusion-layout-column fusion_builder_column fusion-builder-column-5 fusion_builder_column_2_3 2_3 fusion-two-third fusion-column-last" style="--awb-bg-size:cover;width:66.666666666667%;width:calc(66.666666666667% - ( ( 4% ) * 0.66666666666667 ) );"><div class="fusion-column-wrapper fusion-flex-column-wrapper-legacy"><div class="fusion-text fusion-text-4"><p>Nachhaltigkeit spielt für uns von Fahrner eine herausragende Rolle. Als Ihr Partner für zukunftsfähige Transport- und Logistiklösungen tragen wir mit einer ökologisch ausgewogenen Dienstleistung zu Ihrem positiven Markenbild bei. Damit liefern wir Ihnen auch einen wertvollen Pluspunkt in Ausschreibungsverfahren. Zur messbaren Verkleinerung des CO2-Footprints beschäftigen wir uns im Rahmen des Konzepts eco logistics mit einer Vielzahl von Themen aus dem Bereich des Umweltmanagements. So fährt etwa unsere gesamte LKW-Flotte mit Euro 6. Intelligente Tourenplanungssoftware sorgt für die kürzest möglichen zu fahrenden Strecken. Maßgeschneiderte Ladesysteme nutzen Ladekapazitäten optimal aus und reduzieren gefahrene Kilometer. Mit eco logistics von Fahrner baut auch Ihr Erfolg auf klimaneutrale Dienstleistungen.</p>
<h2>Fahrner Speditionsleistungen eco logistics:</h2>
<ul>
<li>Fuhrpark auf umwelttechnisch höchstem Niveau</li>
<li>Transparenz durch jährliche Klimabilanz</li>
<li>Umweltkompetenz auf ganzer Linie durch regelmäßige Schulungen</li>
<li>Optimale Tourenplanung und kombinierter Verkehr</li>
<li>Bei Bedarf Kauf von Emissionszertifikaten</li>
</ul>
</div><div class="fusion-clearfix"></div></div></div></div></div></p>
